Let z(a) = 32. Let w(c) = 35*c - 247. Let o(v) = -w(v) - z(v). Give o(6).
5
Let u(v) = -4*v - 42. Let y(s) = 606*s + 598. Let b be y(-1). Calculate u(b).
-10
Let b(a) = -5*a + 3. Let g be -1 + -10 + 3 - -100. Suppose 30*i + 16*i = -g. Calculate b(i).
13
Let s(a) = -12*a + 36. Let n(r) = 5*r. Let m(g) = 3*n(g) + s(g). Give m(-7).
15
Let m(z) = 13 + 8*z - 6*z - 12*z**2 + z**3 + 9*z. Let s be (-1)/2*((-56)/(-14) + -26). Determine m(s).
13
Let w(c) = c**3 + 2*c**2 - c + 2. Let f(o) = o**3 + 9*o**2 + 4*o + 9. Let m(l) = -f(l) + 2*w(l). Give m(6).
-5
Suppose 2*k + 3 = -0*k - j, 0 = -4*k + 5*j + 29. Let m = 9 + -10. Let s(g) = 3*g**2 - 4*g - 5. Let b(d) = d**2 - d - 1. Let p(h) = m*s(h) + 4*b(h). Give p(k).
2
Let q(h) = h**3 + 5*h**2 - 6*h + 3. Let w be q(-6). Suppose y - w*y = 70. Let x be 4/14 + 1/(y/80). Let m(f) = -f**3 - f**2 - 2*f - 1. Give m(x).
7
Let j = 45 + -14. Suppose j*l - 27*l - 12 = 0. Let n(q) = q - l + 0*q - q**3 + 4*q**2 + 0 + 2*q**3. What is n(-3)?
3
Let f(o) be the second derivative of o**3/6 - 2*o**2 - 2*o. Let y(g) = g**3 + 19*g**2 + 3*g + 28. Let k be y(-20). Let t be 1/(-9) + (-2208)/k. Calculate f(t).
1
Suppose 2*y + 37 = -5*z + 32, 11 = 4*y + 3*z. Let f(a) = a - 74 + a - 77 + 146. Give f(y).
5
Let f(v) be the second derivative of v**7/360 - v**6/720 - 5*v**4/2 - v**2 - 23*v. Let g(a) be the third derivative of f(a). What is g(1)?
6
Let t(p) = 421*p + 14. Let d be t(3). Let h(z) = d + z - 1270 - 4*z + 2*z. Determine h(9).
-2
Let a(b) = b**2 + 7*b - 6. Suppose -2*n = 3*n - 10. Let p be 41 - n*2/4*-1. Suppose -6*q + 13*q + p = 0. What is a(q)?
-12
Suppose -40*b + 96 = -144. Let p(n) = -b*n + 4*n + 6*n - 3 - 7*n + n**2. What is p(5)?
7
Let s(x) = x + 3736774010 - 3736774010. Suppose 5*t = 20, 12 = -2*z - z + 3*t. Let k be (z + 1)/2*-12. Determine s(k).
-6
Let k(x) = x**2 - 1. Let b(z) = -7*z**2 - 5*z + 7. Let q(n) = -b(n) - 6*k(n). Let u = -822 + 990. Suppose 24*o + u = -32*o. Determine q(o).
-7
Let i(x) be the third derivative of x**6/120 - x**5/5 - 11*x**4/24 - 11*x**3/6 + 2*x**2 - 905. What is i(13)?
15
Let d(q) = -q**3 + q**2 - q. Let r(s) = -4*s**3 + s**2 - 9*s - 2. Let a(u) = 5*d(u) - r(u). Let f be -2*(((-119)/(-14) - 7) + -4). Give a(f).
-3
Let z(a) = 35*a**3 + 3*a**2 - 4*a - 4. Let n(m) = -123*m**3 - 9*m**2 + 13*m + 13. Let t(s) = 2*n(s) + 7*z(s). Calculate t(1).
-2
Let k(x) = -272*x + x**2 + 274*x + 42*x**3 + 28*x**3 + 1. Give k(-1).
-70
Let l(y) = -2*y + 4. Let b be l(3). Let n = 116 + -113. Let a(m) = -m + 7*m + 1 + n*m - m. Give a(b).
-15
Let o(f) = -6*f + 8. Let t(d) = 11*d**2 - 18*d - 3. Let r be t(2). Give o(r).
-22
Suppose 0 = -6*w + 229 + 77. Let x = -76 + 33. Let h = x + w. Let p(g) = g**2 - 9*g + 9. What is p(h)?
1
Let n(t) be the first derivative of -t**2 - 36*t + 4. Let i be n(-22). Suppose i*w = 3*w + 25. Let k(j) = j - 5. Give k(w).
0
Let y = 13 - 4. Let l(z) = -16*z - 5. Let p(q) = 10*q + 9*q - 23*q + 1 + 8*q. Let m(i) = y*p(i) + 2*l(i). Calculate m(1).
3
Let u(k) = 3*k + 5. Let n(o) = o - 1. Let j = -71 - -72. Let z(r) = 6*r - 21. Let d(f) = j*z(f) - 12*n(f). Let p(l) = -3*d(l) - 5*u(l). What is p(7)?
23
Let z(g) = -g**3 - 3*g**2 - g - 5. Let y be z(0). Let l(p) = -176*p + 32. Let d(x) = -27*x + 5. Let v(s) = y*l(s) + 32*d(s). Calculate v(1).
16
Let t(p) = -p**2 + 3*p. Let n = 19 - 18. Let b be (-1*n)/((-50)/100). Give t(b).
2
Let h(w) = -w + 5. Let f(q) = -q**2 + 11*q - 23. Let m be f(7). Let n(x) = 6*x + 0*x - m*x - 6. Let i(t) = 6*h(t) + 5*n(t). Determine i(4).
-4
Let r(i) be the first derivative of -19*i + 31*i - 3*i**2 - 13*i + 17. Suppose 0 = 4*z - 4*c - 8, 3*c + 5 = -7. Give r(z).
11
Let r(q) = -6*q. Let d(s) = -s**2 - 5*s - 4. Let m be d(-7). Let h be (-420)/m*3/2. Let c = 34 - h. What is r(c)?
6
Let l(o) = 5*o**3 - 4*o**2 - 3*o - 1. Let i = 39 - 33. Let a(j) = j**3 - j - 1. Let w(y) = i*a(y) - l(y). Give w(-4).
7
Let z(k) = k**2 - 22*k - 9. Let r = -3823 + 3844. Calculate z(r).
-30
Let t(q) = -10*q + 737. Let p be t(72). Let b(h) = h + 33. Calculate b(p).
50
Let w(k) = 2*k**2 + k + 9. Let g(b) = 3*b**2 + b + 10. Let n(x) = 3*g(x) - 4*w(x). Let s = 97 - 57. Suppose 4*l - 5*m = s, 1 = 4*m + 17. Determine n(l).
14
Let w(d) = -39*d - d**2 + 0*d**2 + 33*d + 4 + 0*d**2. Let j be 4/26 + 1765/(-65). Let p be 9/j + (-34)/6. Calculate w(p).
4
Let f be (-55)/15 - (-2)/(-6). Let r(u) = -u - 5. Let o be r(f). Let b(v) be the third derivative of -v**5/30 + v**4/12 + v**3/6 - 95*v**2. Calculate b(o).
-3
Let r be ((-82)/(-410))/((-1)/25). Let i(j) = -10*j - 32. Give i(r).
18
Suppose -5*a - 4*c - 61 = 0, -12 = 2*a - 3*c + 17. Let g(s) = -s**2 + 15867*s + 19 - 15878*s + 2. Calculate g(a).
-5
Let x(a) be the third derivative of 31*a**5/60 + a**4/24 + a**3/2 - a**2 + 81*a - 2. Give x(-2).
125
Let v(z) = -20*z + 1. Let y(n) be the second derivative of 7/2*n**3 - 1/2*n**2 - 33*n + 0. Let i(p) = -6*v(p) - 5*y(p). Give i(-1).
-16
Let m = -60 - -56. Let t(q) be the first derivative of -q - 3*q**2 - 1/3*q**3 - 1. Calculate t(m).
7
Let z(m) = 0*m - 54109 + 2*m + 54107 - m. Let a(b) = 2*b**2 + 13*b. Let y(o) = o**2 + 6*o. Let u(h) = 3*a(h) - 5*y(h). Let i be u(-9). What is z(i)?
-2
Let o(b) = 2*b - 1 + 0*b - 3*b + 2. Let q = -229 - -231. Calculate o(q).
-1
Let i(r) = -7*r + 7. Suppose -11*f = 5*y - 10*f - 510, -2*f = -10. Let u = y - 96. Determine i(u).
-28
Let z(o) = o + 10. Let p(c) = -c**2 - 20*c - 103. Let h be p(-11). Let f(q) = -3*q**2 - 10*q. Let j be f(h). What is z(j)?
2
Let d(v) = -v - 1. Let g(a) = 1. Let i(o) = 14*o + 2. Let c(n) = -2*g(n) - i(n). Let r(b) = -c(b) + 3*d(b). Determine r(1).
12
Let r be -2 + 18/7 - (-232)/(-14). Let y = 14 + r. Let u(x) = -2*x**3 - x**2 - 1. Calculate u(y).
11
Let x(o) = -o**2 + 13*o - 17. Suppose b - 5*j + 5 = 39, -b - 16 = 5*j. Calculate x(b).
19
Let p(d) = -d**2 + 19*d + 63. Let g be p(-3). Let k(x) = 6*x**3 + 17*x**2 + 6*x + 28. Determine k(g).
1
Let i(o) = -o**3 - 17*o**2 + 5. Let y be -20 + ((-9)/27)/((-2)/18). Let u be i(y). Let f(l) = -32 - l**2 - 34 + 96 - 27 + 3*l. What is f(u)?
-7
Let m(t) = t + 3*t**2 - 2*t**2 + t**2. Suppose 462 = 4*v + 454. Determine m(v).
10
Let r(l) = 9*l - 3. Let m(p) = -52*p - 226. Let a(w) = -m(w) - 2*r(w). Determine a(-7).
-6
Let r = 3031 - -8754. Let d(o) = -1 - r*o + 2 + 11786*o. What is d(3)?
4
Let n(o) = -4*o + 5. Suppose -c + 10 = 2*a, -2*a - 2*c = -7*c + 2. Let i(k) = -5*k + 6. Let l be 90/(-60)*(1 - -1). Let u(p) = a*n(p) + l*i(p). Calculate u(1).
1
Let x(t) = 71*t**3 - 59*t**2 + 35*t + 24. Let a(z) = 27*z**3 - 22*z**2 + 13*z + 9. Let w(o) = -21*a(o) + 8*x(o). Let n be 54/(-4)*8/(-12). Calculate w(n).
-15
Let q(p) be the first derivative of -p**3/3 + 3*p**2/2 + 19*p + 6948. Give q(-6).
-35
Let w(z) = -9*z + 355. Let s(x) = -5*x + 195. Let g(o) = 7*s(o) - 4*w(o). Give g(6).
-49
Let n(p) = 52*p - 155. Let h(w) = -58*w - 1099. Let j be h(-19). Determine n(j).
1
Let z(j) = 5*j**3 - 2*j**2 + 1. Suppose -8*t + 6*t = -8. Suppose t = h, 6*i - 3*h + 6 = 5*i. Let l be i/(24 + 6)*(4 + 1). Give z(l).
4
Let d(z) = -36*z + 6. Let j(k) = -4*k. Let r(n) = -d(n) + 10*j(n). Calculate r(-14).
50
Let c(i) = -11*i + 126. Let p(s) = -12*s + 91. Let d(q) = -6*c(q) + 7*p(q). Calculate d(-6).
-11
Let m(s) be the third derivative of -s**4/12 - 3*s**3/2 + 114*s**2 + 3. Let q be 0 - 4 - (-9 + 11). What is m(q)?
3
Let i be 9/5*20/6. Let d(n) = i*n**2 + 0*n**2 + n + 16*n**2. Determine d(-1).
21
Suppose 5*b - 10 = 5. Let m(w) = 6*w - 6. Let j be m(b). Suppose -6*u = -6 - j. Let z(h) = h**2 - 2*h + 2. What is z(u)?
5
Let c(j) = -j. Suppose 5*z - 3*z = 106. Let x = 56 - z. Suppose -2 - 4 = -x*q. What is c(q)?
-2
Suppose -j + 15 = 2*j + 3*y, -j - 4*y = -14. Let o(p) = -4*p - 5 + p**j - p - 5*p. Determine o(9).
-14
Suppose -6 = -10*v + 13*v. Let c be (v/6 - (-5)/15)/1. Suppose -5*n - 14 = -4*n + 3*a, 3*n - 3*a + 6 = c. Let r(f) = -f**3 - 6*f**2 - 8*f - 6. What is r(n)?
9
Let k(g) = 2*g**3 + 16*g**2 - 11*g + 33. Let b(v) = 19*v**3 + 146*v**2 - 96*v + 299. Let t(p) = 3*b(p) - 28*k(p). Determine t(8).
5
Let j(c) = c**2 - 2*c - 1. Let r be ((-28)/35)/((-2)/5). Calculate j(r).
-1
Suppose 21 = -26*s + 33*s. Let i(o) be the third derivative of -o**6/120 + o**5/15 - o**4/8 + o**3/6 + 3*o**2 - 3*o. Calculate i(s).
1
Let o(m) = 0 + 3 + 3 - 10*m. Let y be -5*(5 - (-54)/(-10))